 q(9). Let f = 18 - w. What is the highest common factor of f and 35?
5
Let y = 35 - -13. What is the highest common divisor of y and 32?
16
Suppose 37*n - 30*n - 441 = 0. What is the greatest common divisor of n and 63?
63
Suppose 0 = z - 4*k - 4, -2*k = -3*z - 2 - 6. Let x be (-2 - 0)*126/z. Calculate the greatest common divisor of x and 9.
9
Suppose -4*s + 71 + 69 = 0. Suppose s*b + 220 = 45*b. Calculate the highest common divisor of b and 110.
22
Let k = 38 - 33. Suppose k*a - 60 = 3*a. Let l(r) = r**3 + 7*r**2 + 6*r. Let z be l(-5). Calculate the greatest common divisor of a and z.
10
Suppose -91*c = -53*c - 3990. What is the greatest common factor of 55 and c?
5
Let v = 27 + -25. Let p = 38 - v. What is the highest common divisor of 9 and p?
9
Let g(l) = -l**3 - 10*l**2 - 15*l - 2. Let n be g(-6). Let u = 166 + n. Calculate the greatest common divisor of u and 275.
55
Let d(u) = -u**2 - 9*u + 4. Let i be d(-9). Suppose -2*s = 4*w - 52, 5*w + i*s - 63 = 2*s. Let q = w + -5. Calculate the highest common divisor of 54 and q.
6
Let a = 854 - 840. Calculate the highest common factor of 2 and a.
2
Let a(o) = -2*o**2 + 19*o - 27. Let z be a(5). Calculate the greatest common factor of z and 24.
6
Let c = 315 + -285. Calculate the highest common factor of 36 and c.
6
Suppose 9*j - 52 - 146 = 0. Calculate the highest common divisor of 242 and j.
22
Let o be (4 - 33/9)*3*1. Let a be 7 - 0/(o - -2). What is the highest common divisor of a and 56?
7
Suppose -9*n + 14*n = 110. Let d(s) = -3*s**3 - 3*s**2 + 14*s + 22. Let x be d(-4). What is the highest common factor of n and x?
22
Let j be ((-5)/2)/((-6)/12). Suppose -3 + 153 = j*g. Calculate the highest common factor of g and 12.
6
Suppose -14841 = -83*g + 17695. What is the greatest common divisor of g and 147?
49
Suppose 0 = 3*c - 5*c + 104. Let p = c - 21. What is the greatest common factor of 31 and p?
31
Suppose 34*y - 31*y - 234 = 0. Suppose -y = -8*g + 74. Calculate the greatest common factor of g and 19.
19
Let m = -28 + 23. Let i be 2 - -34 - (-4 - m). What is the greatest common divisor of 5 and i?
5
Suppose 3*w - 6*w + 1583 = -z, 0 = w + z - 529. What is the greatest common factor of 16 and w?
16
Suppose 0 = 4*r - 2 - 34. Suppose -942*s + 946*s - 669 = -5*i, 2*s + 3*i = 333. Calculate the greatest common factor of s and r.
9
Suppose 24 + 8 = 8*g. Suppose -4 = 3*q - 7, 0 = g*y + 3*q - 39. Calculate the highest common divisor of 63 and y.
9
Let y be -3 - -1 - 0/2. Let v be 32 + -6 - (-3 - y). What is the greatest common factor of v and 3?
3
Let y(i) = -5*i - 3. Let l be y(-3). Suppose -l = -4*b, -5*g - 2*b + 2 + 9 = 0. Let h be 82/10 + 6/(-30). What is the highest common divisor of g and h?
1
Let w(m) = 7 - m**3 - 9 + 2*m - m + 4*m**2 - 2*m. Let x be w(3). Suppose -x*g + 1 + 7 = 0. Calculate the highest common factor of g and 16.
2
Suppose 20*m - 728 = 6*m. Calculate the greatest common divisor of m and 65.
13
Let n(f) = 2*f + 2. Let c be n(-4). Let z be ((-6)/(-4)*2)/(-1). Let x be z/c*(1 - -191). Calculate the greatest common factor of 24 and x.
24
Let p = 2 + -2. Suppose p = -3*k + 7*k - 8. Suppose 40 = 5*w - c, 2*w - k*c = 3*w - 8. What is the highest common factor of 72 and w?
8
Let o = 15 + -1. Let d be 136/3*63/o. Suppose 0 = -y - y - 4*k + 90, -5*y - 3*k = -d. Calculate the highest common factor of 117 and y.
39
Suppose 0 = -2*j - 4*x - 0*x - 338, -5*j - 2*x - 805 = 0. Let y = -89 - j. Calculate the greatest common factor of 10 and y.
10
Let s(i) = -i**3 - 10*i**2 - 19*i - 65. Let f be s(-9). What is the highest common divisor of f and 60?
5
Let w = 16 + -10. Suppose -17*x = -x + 1152. Let b be (1/((-14)/x))/((-12)/(-56)). What is the highest common factor of w and b?
6
Let t(z) = -4*z**2 + 3*z**2 - 1 - z + 7. Let f be t(0). Let a = 1794 + -1791. Calculate the highest common factor of a and f.
3
Let r(x) = x + 10. Let u be r(-6). Let g = 109 + -107. Calculate the highest common divisor of g and u.
2
Let y(n) be the second derivative of 5/2*n**2 + 0 + 4*n + 1/3*n**3. Let a be y(10). Calculate the highest common factor of 5 and a.
5
Suppose -t + 125 - 26 = 0. Let y = 36 + -36. Let l(i) = i**3 + 2*i**2 + i + 11. Let w be l(y). Calculate the greatest common factor of t and w.
11
Let z(w) = 2*w**2 + 10*w + 5. Let j be z(-8). Calculate the greatest common divisor of j and 1.
1
Suppose -7*q - 216 = -15*q. Suppose a + 23 = q. Calculate the highest common divisor of 64 and a.
4
Let h(s) = 100*s**2 - 23*s - 102*s**2 - 2 - 5. Let c be h(-11). Calculate the greatest common factor of 44 and c.
4
Let j(d) = 2*d**2 + 103*d + 511. Let g be j(-5). What is the highest common factor of g and 10?
2
Let t be (-15)/(-6)*19/(380/176). Let g(b) = b**2 + 6*b - 3. Let q be g(7). Calculate the greatest common divisor of q and t.
22
Suppose -15*y = -1748 - 772. Calculate the highest common factor of 560 and y.
56
Suppose 0 = 5*q - 11 - 4. Suppose -q*y + 3 + 63 = 0. Suppose 2*b = -g + 240, -2*b - 208 = 3*g - 932. Calculate the highest common factor of g and y.
22
Let z(c) = -c**3 + 10*c**2 + 3*c - 15. Let t be z(7). Calculate the greatest common divisor of t and 51.
51
Suppose 0 = -2*p - 6, -n - 13*p + 1273 = -12*p. What is the highest common divisor of 44 and n?
44
Let m be 216/(-5)*(-28 - -23). What is the greatest common divisor of 8 and m?
8
Let f be (-6)/(-27) - (-4296)/108. What is the highest common divisor of 30 and f?
10
Suppose 0 = -5*y + 17 - 2. Suppose 4*f = 26 + 22. Let d(l) = -l**3 + 13*l**2 - 11*l - 11. Let g be d(f). What is the highest common factor of y and g?
1
Suppose -111*x = -97*x - 1274. Let b(g) = -3*g + 4. Let q be b(-3). Calculate the greatest common divisor of q and x.
13
Suppose 0 = -4*r + 3 + 5. Let q be 0 - -192 - 14/14. Let z = q - 189. What is the greatest common factor of z and r?
2
Let d = 5 + -4. Let o be (-6)/d*4/(-6). Suppose -o*k + 72 = -3*p, 0*p - 2*p = -8. Calculate the highest common divisor of 14 and k.
7
Let v = -1 - -10. Suppose 0 = -7*j - 4*j + 3465. Let b be j/(-5)*(-1 - 0). Calculate the highest common divisor of b and v.
9
Let n(i) = 326*i - 1. Let p be n(1). Let b = p - 193. Calculate the highest common divisor of b and 12.
12
Suppose t + 4 = 8. Suppose a = 32 + t. Calculate the highest common factor of a and 9.
9
Let o = -79 + 101. Let d = -4 + 7. Suppose d*b - 458 = -4*f, -b + 2*b - 157 = 3*f. Calculate the greatest common factor of o and b.
22
Let m be (13/2*1)/(2/16). What is the greatest common divisor of 299 and m?
13
Let q(c) = c**2 + 2*c - 9. Let b be q(3). Suppose -2*o = h + 2*h - 14, 0 = 4*o - 3*h - 10. Let p be o*3*11/2. Calculate the highest common factor of p and b.
6
Let j be (-4 + 14)/((-1)/2). Let b = -12 - j. Suppose -4*m + 33 - b = r, 3*m - 5*r - 36 = 0. Calculate the greatest common divisor of m and 7.
7
Let r be (-2 + (-50)/(-15))*96 - -2. What is the greatest common divisor of r and 20?
10
Suppose -h + 89 = -5*l, 2*h - 185 = -3*l - 72. Calculate the highest common divisor of 2 and h.
2
Let m = -219 - -253. Calculate the highest common factor of 1241 and m.
17
Let i(v) = -v**3 - 13*v**2 + 13*v + 11. Suppose 0 = -3*m - 45 + 3. Let f be i(m). Suppose 2*q - f + 5 = 0. Calculate the highest common factor of 110 and q.
10
Suppose 3 - 4 = -z + a, -5*z = -3*a - 13. Suppose 0*v = v - 4*d + 25, -2*v + z*d - 47 = 0. Let w = -6 - v. Calculate the highest common factor of w and 15.
15
Suppose 11*x - 280 = -29*x. What is the highest common divisor of 1841 and x?
7
Let h be (-2 + -3)*(-6)/5. Let a be (32/12)/(5/3 + -1). Suppose 0 = a*g - 5*n + 2*n - 57, -2*n = h. Calculate the greatest common factor of 12 and g.
12
Let v = -5 + 8. Let j(m) = -m**3 + 7*m**2 + 2*m + 6. Let h be j(v). What is the greatest common divisor of h and 120?
24
Let d = 1333 + -741. Calculate the greatest common factor of 16 and d.
16
Let c(x) = 2*x**2 - 31*x + 12. Let b be c(17). Suppose b*d = 59*d + 64. Calculate the greatest common factor of 16 and d.
16
Let i(d) = -d**2 - 21*d - 6. Let x be i(8). Let h be (-102)/x + 1 + 11/7. Calculate the greatest common factor of 2 and h.
1
Suppose -3*z + n - 55 = 0, 10 = -3*z + 2*n - 46. Let v = 8 + -55. Let l = z - v. What is the greatest common factor of 58 and l?
29
Let k = -123 + 188. Let n(c) = -c**3 + c**2 + c + 6. Let j be n(0). Let o